 + 2. Let d(b) = -19*b**3 + 6*b**2 - 8*b + 5. Let k(u) = -3*d(u) + 8*i(u). Determine k(1).
8
Let f(c) = c**2 + 4*c - 9. Suppose -119 = -15*n + 32*n. Calculate f(n).
12
Let q(g) = -g + 42*g**2 - 2 - 25*g**2 - 15*g**2 + g**3. Suppose 2*o + 0*o = -4. What is q(o)?
0
Let h(r) = -10*r + 4. Let c be ((24/18)/2)/(4/24). Give h(c).
-36
Let o be 1 + (-36 - -1)/5. Let p be o/4*40/12. Let g(k) = k + 3. Let x(a) = 3*a + 8. Let l(j) = 8*g(j) - 3*x(j). Calculate l(p).
5
Let w(d) = 6*d - 20. Suppose -19 = -5*m - 2*a, -5*m = -51*a + 46*a - 40. What is w(m)?
10
Suppose -3*o = -d + 3*d - 15, 2*d + 15 = 3*o. Let b(v) = v**3 - 7*v**2 + 6*v - 6. What is b(o)?
-26
Suppose -23*q = -14*q + 45. Let m(j) = j**2 + 5*j - 7. Determine m(q).
-7
Let m(h) = 3*h - 3. Let u = -26 + 31. Suppose -1 + 27 = 3*t + u*w, -5*w = -20. Give m(t).
3
Let n(z) = z**2 + 2*z + 7. Let a be n(-7). Suppose -7*f = a - 0. Let v(y) = y - 1. Determine v(f).
-7
Let s(b) = -2*b**2 + 17*b + 38. Let g be s(-2). Let w(u) = 9*u**2 + 13*u + 2. Let o(q) = 8*q**2 + 12*q + 2. Let t(n) = -7*o(n) + 6*w(n). Determine t(g).
-10
Let v(k) = -5*k**3 - k**2 + 2*k - 1. Let i be v(1). Let r = i + 2. Let g(o) be the first derivative of 3*o**2/2 + 4*o - 2705. Calculate g(r).
-5
Let y(c) be the second derivative of c**4/24 + 5*c**3/6 + 3*c**2/2 - 2*c. Let v(k) be the first derivative of y(k). Let u = -68 - -68. Calculate v(u).
5
Let q = -599 + 601. Let c(r) = -8*r**2 - r + 3. Give c(q).
-31
Let j(x) be the third derivative of x**8/2240 - x**6/360 - 5*x**4/8 - 33*x**2. Let c(q) be the second derivative of j(q). Calculate c(2).
20
Let l = 0 + 2. Let x(u) = -2 - u**3 + 0 - 2*u**l + 0*u**2 + 1. Let m = 4 - 6. What is x(m)?
-1
Let v be 2/(-9) + 7/(-9). Let f(m) = -m**2 - 11*m - 4. Let r(s) = 2*s**2 + 14*s + 5. Let c(a) = -5*f(a) - 4*r(a). What is c(v)?
-2
Let q(i) = 11*i + 6. Let a = 708 + -711. Give q(a).
-27
Suppose c + 6 = -c. Let u(f) be the second derivative of -f**6/360 - f**5/60 - 11*f**4/12 - f. Let r(q) be the third derivative of u(q). Calculate r(c).
4
Let l = -2 + 4. Let d(i) = 5*i + 1 - 3*i - 4*i - 2*i**l. Let u(b) = b**3 - 11*b**2 - 9*b - 35. Let y be u(12). Give d(y).
-3
Let g(q) = 4*q**2 - q - 1. Suppose -2*u + 49*y = 46*y - 4, -5*u - 2*y - 9 = 0. What is g(u)?
4
Let b be (18/(-27))/(8/156). Let v(g) = g + 1. Calculate v(b).
-12
Suppose 3*v - 15 = 6*v. Let j be (-24)/v - (22/(-10) + 2). Let h(p) = -p + 11. Calculate h(j).
6
Let c(f) be the second derivative of -f**3/3 + 3*f**2/2 - 83*f. Give c(-3).
9
Let r(q) be the first derivative of q**2/2 + 9*q + 47. Let w be (0 + -3)*(-9)/(-3). Determine r(w).
0
Let d(i) = -6*i. Let u(f) = -18*f - 1. Let s(a) = 7*d(a) - 2*u(a). Calculate s(4).
-22
Let j(g) be the first derivative of -5*g**3/3 - 45. Calculate j(1).
-5
Suppose -d - d - 2 = 0. Let g be (2 + 1 - d)*-1. Let z = 2 - g. Let h(b) = -b + 6. Give h(z).
0
Let y(w) be the second derivative of -w**5/20 - 5*w**4/6 - 4*w**3/3 + 2*w**2 - 10*w. Suppose -5*m - 36 = -m. Determine y(m).
-5
Let j(v) = -2*v - 14. Let i(f) = -1. Suppose 0 = y - 0 + 3. Let a = -7 - y. Let r(m) = a*i(m) + j(m). Give r(-7).
4
Suppose -l - j = 4*l - 2, 0 = -2*l + 2*j - 4. Let z(w) = w - 2. Let u(t) = -4 + t + 1 + 0. Let f(m) = 2*u(m) - 3*z(m). What is f(l)?
0
Let o(j) = -3*j + j - 5*j - 3 - 7. Let r(m) = -3*m - 5. Let w(u) = 2*o(u) - 5*r(u). Determine w(-4).
1
Let y(d) be the third derivative of d**4/12 - 11*d**3/6 + 567*d**2. Calculate y(17).
23
Let s(p) = p - 21. Let k(q) = q**2 - 6*q - 36. Let y be k(10). Let r(w) = -5*w + 3*w + w + 20. Let t(b) = y*r(b) + 3*s(b). What is t(0)?
17
Let n(v) = -6*v - 6*v**2 + 5*v**2 + 0*v**2 - 39 + 34. Give n(-6).
-5
Let b(t) = -5 + t + 0 + 2 - 2. Let h be b(7). Let o(l) = l**3 - l**2 - 3*l + 3. Calculate o(h).
1
Let i = -7 + 5. Let q be (-2)/i - 4/(-1). Let p(d) = 33*d - d**2 - 10*d - 10 - 19*d + 3. Calculate p(q).
-12
Let w = 2 - -3. Let d(v) = 0 - w*v + 1 + 6*v. Suppose -4*k - 17 - 3 = j, 2*j = 3*k + 15. Calculate d(j).
1
Let k(f) be the third derivative of -f**5/60 - f**4/6 + 5*f**3/6 + 3*f**2 + 39. Calculate k(-7).
-16
Let m be (-56)/336 - (-11)/(-6). Let g(h) = 12*h + 1. Determine g(m).
-23
Let g(s) = 186*s**3 + s + 4*s**2 + 4 + 0 + 1 - 185*s**3. Let i(z) = -5*z + 4*z**2 + 0*z**3 - 6*z**3 + 2 + 5*z**3. Let q be i(3). What is g(q)?
1
Let m(o) = 2*o - 5. Let r(u) = 4*u - 9. Let t(z) = 5*m(z) - 3*r(z). Let w = 4 - 1. Give t(w).
-4
Let k(i) = i**3 + 8*i**2 + 4*i - 10. Let b = 188 + -195. Calculate k(b).
11
Let c be (((-40)/(-25))/2)/(2/5). Let m(w) = -4*w**3 + 1. What is m(c)?
-31
Let g(b) = b**2 - 17*b + 66. Let k be g(5). Let d(q) be the third derivative of 0 + 0*q + 0*q**4 + k*q**2 - 2/15*q**5 + 1/6*q**3. What is d(-1)?
-7
Let l(a) be the second derivative of -a**5/20 - 5*a**4/12 + a**3 + 3*a**2 - 3*a - 10. Let b be (-2)/(-4) + (-13)/2. Give l(b).
6
Suppose -3*w + 57 + 30 = 0. Suppose 23 = -2*z + w. Let l(s) = -2 + 2*s**2 - 4*s**2 + 3*s**2 - 2*s. Give l(z).
1
Let r(n) = 11*n**2 - 1. Let x be -7 + 5 + 1 + 2. Suppose 0 = 4*q + x - 5. Determine r(q).
10
Let m(y) = -y**2 + 3*y**3 - 39 + 38 - 2*y**2 + 10*y - 11*y. Calculate m(2).
9
Let f(i) be the third derivative of i**6/120 - 29*i**5/60 - 5*i**4/4 - i**3/3 + 3*i**2 + 1. Determine f(30).
-2
Let q(n) be the first derivative of 1/3*n**3 + 2*n**2 + 4 - 1/4*n**4 - 2*n. Determine q(3).
-8
Let a(n) = 5*n - 9. Let m = -1 + 7. Let y(v) = 9 - 5 + 6*v - 5 - 5*v. Let b(c) = m*y(c) - a(c). Give b(3).
6
Let j(l) = l**2 + 11*l - 16. Let q = -98 + 86. Calculate j(q).
-4
Let t(f) = -30*f**3 - 3*f + 3. Let c be t(1). Let w = -25 - c. Let a(y) = -y**3 + 5*y**2 - y - 3. Give a(w).
-8
Suppose k - f + 3 = 0, -k + 4*f = -0*k + 15. Let q(c) = -2*c**3 + 2*c**2 - 2*c + 1. Calculate q(k).
-1
Let z(g) = g**3 - g**2. Let d(a) = -a**3 + a. Let h(p) = 3*d(p) + 4*z(p). Give h(4).
12
Let x(q) = -q - 1. Let s(f) = -2*f**2 + 25*f - 73. Let u be s(7). Determine x(u).
-5
Let r = 162 - -4. Suppose -r*q = -163*q - 18. Let f(g) be the first derivative of -g**2/2 + 4*g - 1. Calculate f(q).
-2
Let j = 2 + -4. Let b(t) = -3*t + 11. Let c(z) = z - 5. Let n(k) = j*b(k) - 5*c(k). Let w(g) = -3*g**2 - 6*g + 4. Let p be w(-3). Give n(p).
-2
Let j(d) = 6*d**2 + 7208*d**3 - 7209*d**3 + 18 + 4*d - 2. Determine j(7).
-5
Let k(h) = h**3 - 5*h**2 - 15*h + 4. Suppose -31*a = -46*a + 105. Determine k(a).
-3
Let k(s) = 6262 + 3*s**2 - 2*s**2 - 6264. Determine k(-2).
2
Let o = -958 - -958. Let n(d) = -2*d + 30. Determine n(o).
30
Let q(n) = -n**3 - 6*n**2 - 13*n + 5. Let b(c) = -2*c + 1. Let r(k) = 6*b(k) - q(k). Calculate r(-6).
-5
Let x(s) = -s**3 + s**2 + s + 6. Suppose -1 + 71 = 5*h. Let b be 24/h + (-2)/(-7). Suppose -b*m = m. Calculate x(m).
6
Let m be 13/4 - (-2)/(-8). Suppose -c + 4*c = 6, m*g - 14 = -c. Suppose 0 = 5*r - g*w + 12 + 15, -3*r - 6 = w. Let z(v) = 2*v + 2. What is z(r)?
-4
Let l(x) = 3*x**3 + 12*x**2 - 17*x - 19. Let s(k) = -k**3 + k**2 + k - 1. Let v(g) = -l(g) - 4*s(g). Let z be v(15). Let m(a) = -a**2 - 4*a + 10. What is m(z)?
-11
Suppose 0*n + 2*n = -66. Let c = -40 - n. Let u(b) = -b**2 - 7*b + 6. What is u(c)?
6
Let y(s) = 4 + 2*s - 4*s + s. Let p(q) = -q**2 + 3. Let k be p(0). Suppose -5 = k*d - 20. Calculate y(d).
-1
Suppose 0 = -4*y - 50 + 2. Let b be y/(-30) - 84/10. Let v = b - -12. Let s(r) = -r**2 + 4*r - 3. Calculate s(v).
-3
Let v = 152 + -148. Let x(l) = -8 + 258*l**3 + v*l**2 + 2*l**2 + 4*l - 259*l**3. Calculate x(6).
16
Let o(n) = n**2 - 2*n + 1. Let m be o(3). Let a(u) = u - 33. Let w(s) = s - 27. Let g(j) = 4*a(j) - 5*w(j). What is g(m)?
-1
Let f(r) be the third derivative of -r**6/120 - 13*r**5/60 - 11*r**4/24 + 4*r**3/3 + r**2 - 14*r. Calculate f(-12).
-4
Let g(b) = 8*b. Let y(h) = -h**2 - 4*h. Let o be y(-3). Let s be (4/12)/(1/6). Suppose s*k + o = 1. What is g(k)?
-8
Let h(f) be the first derivative of f**5/60 + f**4/12 - f**3/6 - f**2/2 - 16. Let m(p) be the second derivative of h(p). Calculate m(-4).
7
Let v(j) = j**2 - 4*j**2 - 4*j**2 + j**3 - j + 4. Let q be (9 - 2)/(4 + -3). Determine v(q).
-3
Let l(g) = -g**2 - 23*g - 19. Let u be l(-22). Let t(d) be the first derivative of 0*d + 1/2*d**2 + u. Give t(1).
1
Suppose 35*v + o = 30*v - 15, 5*v - 3*o + 35 = 0. Let i(r) = -r**2 - 7*r - 8. What is i(v)?
4
Let p(o) be the second derivative of -1/2*o**3 + 3*o**2 + 60*o + 